est common divisor of 15504 and 114?
114
Calculate the highest common divisor of 2263 and 744.
31
What is the greatest common divisor of 37854 and 6?
6
What is the highest common factor of 1071 and 27?
9
Calculate the highest common factor of 174 and 58.
58
Calculate the highest common divisor of 13 and 3393.
13
What is the greatest common divisor of 352 and 77?
11
Calculate the greatest common factor of 21 and 55503.
21
What is the highest common factor of 2090 and 440?
110
Calculate the highest common factor of 54 and 72.
18
What is the highest common divisor of 605 and 55?
55
What is the greatest common factor of 132 and 99?
33
What is the highest common factor of 329 and 35?
7
What is the highest common divisor of 30 and 1230?
30
Calculate the highest common divisor of 5 and 115.
5
Calculate the highest common factor of 47 and 1457.
47
What is the highest common divisor of 33 and 1639?
11
Calculate the highest common factor of 1089 and 2079.
99
What is the greatest common factor of 52 and 338?
26
Calculate the highest common factor of 216 and 6066.
18
What is the highest common factor of 28 and 210?
14
Calculate the greatest common divisor of 4 and 163.
1
Calculate the greatest common factor of 24431 and 11.
11
Calculate the greatest common divisor of 259 and 74.
37
What is the highest common factor of 15 and 735?
15
What is the highest common divisor of 35 and 15?
5
What is the highest common divisor of 429 and 1?
1
What is the greatest common factor of 1020 and 10455?
255
What is the highest common divisor of 76 and 1102?
38
Calculate the highest common divisor of 104 and 40.
8
What is the highest common divisor of 164 and 6437?
41
Calculate the highest common factor of 168 and 528.
24
Calculate the greatest common factor of 2240 and 35.
35
What is the highest common divisor of 13 and 338?
13
Calculate the greatest common divisor of 1547 and 91.
91
Calculate the greatest common divisor of 340 and 119.
17
Calculate the highest common divisor of 142 and 355.
71
Calculate the greatest common divisor of 855 and 90.
45
What is the greatest common factor of 1599 and 123?
123
Calculate the highest common factor of 48 and 532.
4
What is the highest common factor of 1220 and 220?
20
Calculate the greatest common factor of 73 and 95922.
73
What is the greatest common divisor of 3300 and 44?
44
What is the highest common factor of 429 and 351?
39
What is the greatest common divisor of 20 and 580?
20
What is the greatest common factor of 58 and 4814?
58
Calculate the highest common divisor of 320 and 64.
64
Calculate the greatest common divisor of 2198 and 56.
14
What is the greatest common factor of 430 and 172?
86
What is the greatest common factor of 17 and 136?
17
What is the greatest common divisor of 648 and 90?
18
Calculate the greatest common factor of 8 and 2648.
8
What is the greatest common divisor of 54 and 34614?
54
What is the highest common divisor of 2619 and 97?
97
What is the highest common divisor of 39 and 897?
39
What is the highest common divisor of 198 and 22?
22
What is the greatest common divisor of 9 and 13977?
9
Calculate the highest common divisor of 70 and 448.
14
Calculate the highest common factor of 18 and 774.
18
Calculate the highest common divisor of 4 and 723.
1
What is the greatest common factor of 2601 and 45?
9
Calculate the greatest common factor of 3310 and 10.
10
What is the greatest common factor of 93 and 3162?
93
Calculate the highest common divisor of 275 and 88.
11
Calculate the highest common divisor of 246 and 48.
6
What is the greatest common factor of 21 and 1029?
21
What is the greatest common factor of 187 and 34?
17
Calculate the highest common divisor of 142 and 34.
2
Calculate the greatest common factor of 10092 and 3132.
348
Calculate the greatest common factor of 21 and 777.
21
Calculate the highest common divisor of 318 and 30.
6
What is the highest common divisor of 444 and 60?
12
What is the highest common divisor of 3 and 1263?
3
What is the highest common divisor of 22980 and 15?
15
Calculate the greatest common divisor of 20376 and 18.
18
What is the greatest common divisor of 225 and 1200?
75
Calculate the greatest common divisor of 48 and 3408.
48
Calculate the highest common factor of 423 and 36.
9
Calculate the greatest common divisor of 1204 and 344.
172
What is the greatest common divisor of 156 and 24?
12
What is the greatest common divisor of 33136 and 19?
19
Calculate the greatest common divisor of 11416 and 32.
8
What is the highest common factor of 45 and 120?
15
What is the highest common divisor of 15 and 84?
3
What is the greatest common divisor of 13 and 4589?
13
Calculate the highest common factor of 986 and 51.
17
What is the greatest common factor of 22131 and 9?
9
Calculate the highest common divisor of 13 and 169.
13
What is the greatest common factor of 7 and 749?
7
Calculate the highest common divisor of 5076 and 108.
108
Calculate the highest common divisor of 69 and 45057.
69
Calculate the highest common factor of 60 and 180.
60
What is the greatest common factor of 1166 and 11?
11
What is the highest common divisor of 32 and 144?
16
Calculate the greatest common factor of 1909 and 166.
83
Calculate the greatest common divisor of 88 and 121.
11
What is the highest common divisor of 5 and 55?
5
What is the highest common divisor of 64 and 4544?
64
Calculate the greatest common divisor of 80 and 70.
10
What is the highest common divisor of 219 and 146?
73
What is the greatest common divisor of 3 and 7?
1
What is the greatest common factor of 18 and 90?
18
What is the highest common divisor of 931 and 98?
49
What is the greatest common divisor of 320 and 560?
80
What is the greatest common divisor of 152 and 1178?
38
What is the highest common factor of 3053 and 426?
71
What is the greatest common divisor of 6566 and 196?
98
What is the greatest common factor of 12 and 8388?
12
What is the greatest common divisor of 25132 and 824?
412
What is the highest common factor of 69 and 3427?
23
What is the greatest common divisor of 135 and 5?
5
Calculate the greatest common divisor of 10690 and 10.
10
Calculate the highest common divisor of 184 and 506.
46
Calculate the highest common factor of 24 and 132.
12
What is the highest common factor of 146 and 511?
73
What is the greatest common factor of 46 and 736?
46
Calculate the greatest common factor of 90 and 180.
90
What is the greatest common divisor of 882 and 18?
18
What is the greatest common divisor of 7 and 679?
7
What is the highest common factor of 576 and 9?
9
Calculate the greatest common divisor of 288 and 18.
18
What is the greatest common factor of 101 and 12625?
101
Calculate the highest common divisor of 6 and 137.
1
Calculate the greatest common divisor of 544 and 34.
34
Calculate the greatest common divisor of 24401 and 13.
13
Calculate the highest common divisor of 44 and 1056.
44
Calculate the greatest common factor of 97 and 2619.
97
Calculate the highest common divisor of 352 and 968.
88
Calculate the greatest common divisor of 154 and 1092.
14
What is the highest common divisor of 24 and 168?
24
What is the greatest common factor of 108 and 60?
12
Calculate the highest common divisor of 56441 and 77.
77
What is the highest common divisor of 297 and 2268?
27
What is the highest common divisor of 548 and 77542?
274
What is the highest common divisor of 1986 and 6?
6
Calculate the highest common factor of 801 and 63.
9
Calculate the highest common divisor of 2065 and 35.
35
What is the highest common factor of 820 and 3116?
164
Calculate the highest common divisor of 94 and 893.
47
Calculate the highest common divisor of 1333 and 43.
43
Calculate the greatest common divisor of 56 and 1624.
56
What is the greatest common factor of 140 and 4515?
35
Calculate the highest common divisor of 156 and 36.
12
What is the highest common factor of 70 and 170?
10
Calculate the highest common divisor of 156 and 520.
52
Calculate the greatest common factor of 2000 and 16.
16
What is the highest common factor of 28 and 322?
14
What is the highest common factor of 324 and 11826?
162
Calculate the greatest common factor of 910 and 210.
70
Calculate the greatest common divisor of 165 and 4587.
33
Calculate the great